{"id":1552,"date":"2025-10-20T10:02:58","date_gmt":"2025-10-20T10:02:58","guid":{"rendered":"http:\/\/www.ardiseny.es\/wordpress\/?page_id=1552"},"modified":"2025-12-10T17:10:00","modified_gmt":"2025-12-10T17:10:00","slug":"empresa-de-diseno-web-sabadell","status":"publish","type":"page","link":"https:\/\/www.ardiseny.es\/wordpress\/empresa-de-diseno-web-sabadell\/","title":{"rendered":"Empresa de Dise\u00f1o Web Sabadell"},"content":{"rendered":"<section class=\"wpb-content-wrapper\"><div id=\"tdi_1\" class=\"tdc-row\"><div class=\"vc_row tdi_2  wpb_row td-pb-row\" >\n<style scoped>\n\/* custom css - generated by TagDiv Composer *\/\n\n\/* custom css - generated by TagDiv Composer *\/\n.tdi_2,\r\n                .tdi_2 .tdc-columns{\r\n                    min-height: 0;\r\n                }.tdi_2,\r\n\t\t\t\t.tdi_2 .tdc-columns{\r\n\t\t\t\t    display: block;\r\n\t\t\t\t}.tdi_2 .tdc-columns{\r\n\t\t\t\t    width: 100%;\r\n\t\t\t\t}.tdi_2:before,\r\n\t\t\t\t.tdi_2:after{\r\n\t\t\t\t    display: table;\r\n\t\t\t\t}\n<\/style><div class=\"vc_column tdi_4  wpb_column vc_column_container tdc-column\">\n<style scoped>\n\/* custom css - generated by TagDiv Composer *\/\n\n\/* custom css - generated by TagDiv Composer *\/\n.tdi_4{\r\n                    vertical-align: baseline;\r\n                }.tdi_4 > .wpb_wrapper,\r\n\t\t\t\t.tdi_4 > .wpb_wrapper > .tdc-elements{\r\n\t\t\t\t    display: block;\r\n\t\t\t\t}.tdi_4 > .wpb_wrapper > .tdc-elements{\r\n\t\t\t\t    width: 100%;\r\n\t\t\t\t}.tdi_4 > .wpb_wrapper > .vc_row_inner{\r\n\t\t\t\t    width: auto;\r\n\t\t\t\t}.tdi_4 > .wpb_wrapper{\r\n\t\t\t\t    width: auto;\r\n\t\t\t\t    height: auto;\r\n\t\t\t\t}\n<\/style><div class=\"wpb_wrapper\" >\r\n<div class=\"mis-paginas-lead\"><section id=\"hero-marketing-terrassa\" class=\"hero-marketing-section mbr-parallax-background\" style=\"background-image: url('https:\/\/www.ardiseny.es\/assets\/images-2016\/slider\/4.jpg');\" data-aos=\"fade-in\">\r\n<div class=\"mbr-overlay\" style=\"opacity: 0.6; background-color: #000000;\"><\/div>\r\n<div class=\"container mx-auto text-center\">\r\n<h2 class=\"section-title-large\">Ya nos has encontrado, \u00bfahora qu\u00e9?<\/h2>\r\n<h3 class=\"section-subtitle\">Expertos en <strong>Dise\u00f1o web, Marketing digital<\/strong> y <strong>Leads cualificados<\/strong><\/h3>\r\n<div class=\"cta-buttons-container\"><a class=\"btn btn-white btn-large\" href=\"#formulario\">Comenzamos<\/a>\r\n<a class=\"btn btn-orange btn-large\" href=\"#seguimos1\">M\u00e1s informaci\u00f3n<\/a><\/div>\r\n<h1 class=\"main-keyword\">Dise\u00f1o web Sabadell<\/h1>\r\n<\/div>\r\n<\/section><section id=\"ecommerce-desafios\">\r\n<h2 class=\"section-title-dark text-center\">\u00bfTe Identificas con Estos Desaf\u00edos de E-commerce?<\/h2>\r\n<div class=\"grid-2-cols items-start mt-8\">\r\n<div class=\"desafios-block p-4\">\r\n<h3 class=\"text-2xl font-bold mb-4 text-red-700\">Desaf\u00edos Comunes:<\/h3>\r\n<ul class=\"ml-6 space-y-2\">\r\n \t<li>&#x274c; No consigues suficientes ventas online para que tu negocio sea rentable.<\/li>\r\n \t<li>&#x274c; Tu web o tienda online no se posiciona en Google, y nadie la encuentra.<\/li>\r\n \t<li>&#x274c; Inviertes en publicidad online, pero no ves un claro retorno de la inversi\u00f3n.<\/li>\r\n \t<li>&#x274c; Tu p\u00e1gina web actual se ve <strong>anticuada<\/strong> o no funciona bien en m\u00f3viles (no es <em>responsive<\/em>).<\/li>\r\n \t<li>&#x274c; Tienes mucho <strong>tr\u00e1fico<\/strong>, pero los visitantes se van sin contactar o comprar (alta tasa de rebote).<\/li>\r\n \t<li>&#x274c; No tienes un <strong>sistema claro<\/strong> para captar datos de clientes potenciales (<em>leads<\/em>).<\/li>\r\n \t<li>&#x274c; Tu negocio est\u00e1 <strong>estancado<\/strong> y no sabes c\u00f3mo atraer nuevos clientes de forma predecible.<\/li>\r\n \t<li>&#x274c; Los <strong>competidores<\/strong> aparecen por encima de ti en Google y se llevan todo el negocio.<\/li>\r\n \t<li>&#x274c; No tienes un <strong>embudo de ventas<\/strong> o una estrategia clara para nutrir a tus <em>leads<\/em> hasta la compra.<\/li>\r\n<\/ul>\r\n<\/div>\r\n<div class=\"solucion-block p-4 rounded-lg\">\r\n<h3 class=\"text-2xl font-bold mb-4 text-green-700\">Nuestra Soluci\u00f3n: Una web o Tienda Online que Vende<\/h3>\r\n<ul class=\"space-y-3\">\r\n \t<li><strong>&#x2705; Dise\u00f1o Estrat\u00e9gico:<\/strong> Creamos una web o tienda visualmente atractiva y optimizada para la conversi\u00f3n.<\/li>\r\n \t<li><strong>&#x2705; Optimizaci\u00f3n SEO\/SEM:<\/strong> Posicionamos tu web o tienda en los primeros resultados para atraer a clientes listos para comprar.<\/li>\r\n \t<li><strong>&#x2705; Flujo de Compra Optimizado:<\/strong> Reducimos los carritos abandonados y simplificamos el proceso de pago.<\/li>\r\n \t<li><strong>&#x2705; Plataforma Potente y F\u00e1cil de Usar:<\/strong> Te damos el control total de tu negocio.<\/li>\r\n \t<li><strong>&#x2705; Marketing Integrado:<\/strong> No solo dise\u00f1amos; creamos estrategias de marketing para asegurar tus ventas desde el primer d\u00eda.<\/li>\r\n<\/ul>\r\n<div class=\"text-center mt-6\"><a class=\"btn btn-orange btn-large\" href=\"#formulario\">\u00a1Quiero mi web o E-commerce de \u00c9xito!<\/a><\/div>\r\n<\/div>\r\n<\/div>\r\n<\/section><section id=\"seguimos1\" class=\"container mx-auto py-12\">\r\n<div class=\"grid-2-cols\">\r\n<div class=\"content-text-block\">\r\n<h3 class=\"heading-agency\">AGENCIA DE DISE\u00d1O WEB Y MARKETING SABADELL<\/h3>\r\n\r\n<hr class=\"separator\" \/>\r\n\r\n<h4 class=\"heading-solutions\">SOLUCIONES DE MARKETING PARA TODAS LAS EMPRESAS<\/h4>\r\n<p class=\"text-justify\">En nuestra empresa de <strong>dise\u00f1o web Sabadell,<\/strong> no solo creamos p\u00e1ginas web atractivas y funcionales, sino que tambi\u00e9n ayudamos a nuestros clientes a alcanzar sus metas de <strong>marketing<\/strong> y a digitalizar su empresa de manera efectiva.<\/p>\r\n<p class=\"text-justify\">Hacemos crecer su negocio en el mundo digital mediante diversas t\u00e9cnicas y m\u00e9todos de marketing bien definidos.<\/p>\r\nCon nuestra experiencia y dedicaci\u00f3n, transformamos su presencia digital y aseguramos que su empresa alcance nuevas alturas en el entorno digital.\r\n<h2 class=\"heading-keyword-small\">Dise\u00f1o web Sabadell<\/h2>\r\n<\/div>\r\n<div class=\"content-image-block\"><img decoding=\"async\" class=\"styled-image shadow-3d\" src=\"https:\/\/www.ardiseny.es\/wordpress\/http:\/\/wp.ardiseny.es\/wp-content\/uploads\/2016\/12\/home-gracias.jpg\" alt=\"Dise\u00f1o web y Marketing Digital Sabadell\" \/><\/div>\r\n<\/div>\r\n<\/section><section class=\"services-grid-wrapper\">\r\n<div class=\"container mx-auto py-12\">\r\n<h2 class=\"section-title-dark\">\u00bfQu\u00e9 hacemos?<\/h2>\r\n<div class=\"services-grid\">\r\n<div class=\"service-item\">\r\n\r\n<img decoding=\"async\" class=\"service-icon circle-outline\" src=\"https:\/\/www.ardiseny.es\/assets\/images\/icono-servicios\/diseno-web.webp\" alt=\"Dise\u00f1o Web\" \/>\r\n<div class=\"service-content\">\r\n\r\nSi usted tiene un <strong>dise\u00f1o web<\/strong> o dise\u00f1o gr\u00e1fico, en Ardiseny le asesoramos y le orientamos para poder cumplir sus objetivos empresariales y conseguir el \u00e9xito de su empresa.\r\n<h5 class=\"service-keyword\">Dise\u00f1o web Sabadell<\/h5>\r\n<\/div>\r\n<a class=\"btn btn-orange btn-center\" href=\"#formulario\">+ Informaci\u00f3n<\/a>\r\n\r\n<\/div>\r\n<div class=\"service-item\">\r\n\r\n<img decoding=\"async\" class=\"service-icon circle-outline\" src=\"https:\/\/www.ardiseny.es\/assets\/images\/icono-servicios\/mas-ventas.webp\" alt=\"Marketing Digital\" \/>\r\n<div class=\"service-content\">\r\n\r\n<em><strong>Marketing digital:<\/strong><\/em> Con los servicios de SEO, SEM, SOCIAL MEDIA, consiga aumentar las visitas a su web y con ello un aumento de clientes potenciales. Marketing growth en Sabadell.\r\n<h5 class=\"service-keyword\">Marketing Digital Sabadell<\/h5>\r\n<\/div>\r\n<a class=\"btn btn-orange btn-center\" href=\"#formulario\">+ Informaci\u00f3n<\/a>\r\n\r\n<\/div>\r\n<div class=\"service-item\">\r\n\r\n<img decoding=\"async\" class=\"service-icon circle-outline\" src=\"https:\/\/www.ardiseny.es\/assets\/images\/icono-servicios\/tiendas-virtuales.webp\" alt=\"Tiendas Virtuales\" \/>\r\n<div class=\"service-content\">\r\n\r\n<strong><em>Tiendas virtuales:<\/em><\/strong> Si necesita vender en Internet, tenemos las herramientas necesarias para que usted pueda realizarlo. Tiendas Virtuales &#8211; E-learling Cat\u00e1logo productos\r\n<h5 class=\"service-keyword\">Tiendas virtuales Sabadell<\/h5>\r\n<\/div>\r\n<a class=\"btn btn-orange btn-center\" href=\"#formulario\">+ Informaci\u00f3n<\/a>\r\n\r\n<\/div>\r\n<div class=\"service-item\">\r\n\r\n<img decoding=\"async\" class=\"service-icon circle-outline\" src=\"https:\/\/www.ardiseny.es\/assets\/images\/icono-servicios\/diseno-grtafico.webp\" alt=\"Dise\u00f1o Gr\u00e1fico\" \/>\r\n<div class=\"service-content\">\r\n\r\nA la hora de crear la identidad visual** de nuestra empresa, es importante definir bien y correctamente colores, fuentes, logo, tarjetas de visita, papeler\u00eda de la empresa, etc.\r\n<h5 class=\"service-keyword\">Dise\u00f1o gr\u00e1fico Sabadell<\/h5>\r\n<\/div>\r\n<a class=\"btn btn-orange btn-center\" href=\"#formulario\">+ Informaci\u00f3n<\/a>\r\n\r\n<\/div>\r\n<\/div>\r\n<\/div>\r\n<\/section><section id=\"how-we-do\" class=\"how-we-do-section\">\r\n<div class=\"container mx-auto\">\r\n<h2 class=\"section-title-large\">\u00bfC\u00f3mo lo hacemos?<\/h2>\r\n<div class=\"grid-2-cols process-flow\">\r\n<div class=\"process-text-block\">\r\n\r\n<strong>1. Escuchamos tus Ideas y Necesidades<\/strong>\r\nNos tomamos el tiempo para comprender tu visi\u00f3n, objetivos y requisitos espec\u00edficos. Tu negocio y metas son la base sobre la que construiremos.\r\n\r\n<strong>2. Dise\u00f1amos una Propuesta Personalizada<\/strong>\r\nElaboramos una propuesta detallada que est\u00e1 alineada con tus objetivos empresariales. Nuestro enfoque es crear una estrategia que garantice que tus metas se conviertan en logros tangibles.<\/br>\r\n\r\n<img decoding=\"async\" class=\"styled-image shadow-3d mt-4\" src=\"https:\/\/www.ardiseny.es\/wordpress\/http:\/\/wp.ardiseny.es\/wp-content\/uploads\/2023\/06\/ux-ardiseny-1536x1104.png\" alt=\"Proceso de trabajo consultor\u00eda\" \/>\r\n\r\n<\/div>\r\n<div class=\"process-text-block\"><img decoding=\"async\" class=\"styled-image shadow-3d mb-4\" src=\"https:\/\/www.ardiseny.es\/wordpress\/http:\/\/wp.ardiseny.es\/wp-content\/uploads\/2023\/06\/exito.jpg\" alt=\"Reuni\u00f3n de estrategia\" \/>\r\n<br>\r\n<strong>3. Comunicaci\u00f3n Abierta y Continua<\/strong>\r\nSi identificamos alg\u00fan aspecto que necesita ajustes, te lo comunicamos de inmediato. Nuestra meta es asegurarnos de que cada detalle est\u00e9 perfeccionado para alcanzar el \u00e9xito de tu empresa.\r\n\r\n<strong>4. Foco en el \u00c9xito del Cliente<\/strong>\r\nCada paso del proceso est\u00e1 orientado a asegurar tu \u00e9xito. Consideramos tu \u00e9xito como el nuestro, y trabajamos con esta visi\u00f3n para ofrecer resultados excepcionales.\r\n\r\n<strong>5. Colaboraci\u00f3n para el \u00c9xito Compartido<\/strong>\r\nTu \u00e9xito es nuestra mayor satisfacci\u00f3n. Nos comprometemos a estar a tu lado durante todo el camino, adapt\u00e1ndonos y ajustando nuestras estrategias para asegurar que logres tus objetivos empresariales.\r\n\r\n<\/div>\r\n<\/div>\r\n<\/div>\r\n<\/section><section id=\"cta-bottom\" class=\"hero-marketing-section\">\r\n<div class=\"container mx-auto text-center\">\r\n<h2 class=\"section-title-large\">Te hemos explicado lo suficiente<\/h2>\r\n<h3 class=\"section-subtitle\">\u00bfEst\u00e1s listo para comenzar? Queremos hablar contigo y explorar c\u00f3mo podemos ayudarte<\/h3>\r\n<div class=\"cta-buttons-container\"><a class=\"btn btn-white btn-large\" href=\"#formulario\">Comenzamos<\/a>\r\n<a class=\"btn btn-orange btn-large\" href=\"#seguimos2\">M\u00e1s informaci\u00f3n<\/a><\/div>\r\n<\/div>\r\n<\/section><section id=\"seguimos2\" class=\"container mx-auto py-12\">\r\n<div class=\"grid-2-cols items-center\">\r\n<div class=\"content-text-block\">\r\n<h2 class=\"section-title-dark heading-philosophy\">&#x1f454; \u00bfQUI\u00c9N SOMOS?<\/h2>\r\n<strong>Ardiseny<\/strong> <strong>Empresa de dise\u00f1o web en Sabadell <\/strong>, somos un equipo apasionado por el dise\u00f1o web, el marketing digital y la consultor\u00eda web, con m\u00e1s de 15 a\u00f1os de experiencia ayudando a empresas a crecer en el entorno digital.\r\n\r\nEn Ardiseny, ofrecemos un trato cercano, humano y altamente profesional. Nos especializamos en ayudar a aut\u00f3nomos, peque\u00f1as y grandes empresas a establecer su presencia online y a digitalizar sus operaciones.\r\n\r\nCada proyecto es \u00fanico y se adapta a las necesidades espec\u00edficas de nuestros clientes. Nuestro compromiso es asegurar el \u00c9XITO de cada uno de ellos, brindando soluciones personalizadas que impulsan su crecimiento en el entorno digital.\r\n\r\n<\/div>\r\n<div class=\"content-image-block\"><img decoding=\"async\" class=\"styled-image full-width\" src=\"https:\/\/www.ardiseny.es\/assets\/images\/noticias-consultoria-web.jpg\" alt=\"Equipo de Ardiseny\" \/><\/div>\r\n<\/div>\r\n<\/section><section id=\"nuestra-propuesta\" class=\"container mx-auto py-12 bg-light-gray\">\r\n<div class=\"grid-2-cols\">\r\n<div class=\"content-text-block\">\r\n<h2 class=\"section-title-dark heading-philosophy\">&#x1f4c8; Nuestra filosof\u00eda de trabajo<\/h2>\r\nCreemos en la colaboraci\u00f3n y la transparencia. Cada proyecto es \u00fanico, por lo que nos adaptamos a las necesidades espec\u00edficas de tu empresa. Analizamos, planificamos y ejecutamos estrategias que maximicen tus resultados, asegur\u00e1ndonos de que cada paso est\u00e9 alineado con tus objetivos. No solo buscamos venderte un servicio, sino acompa\u00f1arte en el camino hacia el crecimiento y el \u00e9xito.\r\n\r\n<\/div>\r\n<div class=\"content-text-block\">\r\n<h2 class=\"section-title-dark heading-value-prop\">&#x1f4bc; \u00bfQu\u00e9 tenemos para ti?<\/h2>\r\nEn Ardiseny, estamos comprometidos con el \u00e9xito de tu negocio. Ofrecemos soluciones personalizadas de marketing digital, dise\u00f1adas para hacer crecer tu marca y aumentar tus ventas. Desde campa\u00f1as de publicidad online hasta estrategias completas de SEO, SEM, redes sociales y automatizaci\u00f3n, nos aseguramos de que cada euro invertido en marketing te brinde resultados medibles y un retorno positivo. No ofrecemos soluciones gen\u00e9ricas; adaptamos cada estrategia a las necesidades espec\u00edficas de tu empresa.\r\n\r\n<\/div>\r\n<\/div>\r\n<section id=\"formulario\" class=\"container mx-auto py-12\">\r\n<div class=\"form-container\">\r\n<h2 class=\"section-title-large\">FORMULARIO DE CONTACTO<\/h2>\r\n<h3 class=\"section-subtitle\">\u00a1Estamos deseando trabajar con usted!<\/h3>\r\n<div class=\"grid-2-cols form-map-grid mt-8\">\r\n<div class=\"form-column\">\r\n<div class=\"contact-form-placeholder\">\n<div class=\"wpcf7 no-js\" id=\"wpcf7-f19-o1\" lang=\"en-US\" dir=\"ltr\" data-wpcf7-id=\"19\">\n<div class=\"screen-reader-response\"><p role=\"status\" aria-live=\"polite\" aria-atomic=\"true\"><\/p> <ul><\/ul><\/div>\n<form action=\"\/wordpress\/wp-json\/wp\/v2\/pages\/1552#wpcf7-f19-o1\" method=\"post\" class=\"wpcf7-form init\" aria-label=\"Contact form\" novalidate=\"novalidate\" data-status=\"init\">\n<fieldset class=\"hidden-fields-container\"><input type=\"hidden\" name=\"_wpcf7\" value=\"19\" \/><input type=\"hidden\" name=\"_wpcf7_version\" value=\"6.1.5\" \/><input type=\"hidden\" name=\"_wpcf7_locale\" value=\"en_US\" \/><input type=\"hidden\" name=\"_wpcf7_unit_tag\" value=\"wpcf7-f19-o1\" \/><input type=\"hidden\" name=\"_wpcf7_container_post\" value=\"0\" \/><input type=\"hidden\" name=\"_wpcf7_posted_data_hash\" value=\"\" \/><input type=\"hidden\" name=\"_wpcf7_recaptcha_response\" value=\"\" \/>\n<\/fieldset>\n<p><label>Tu nombre (requerido)<br \/>\n<span class=\"wpcf7-form-control-wrap\" data-name=\"your-name\"><input size=\"40\" maxlength=\"400\" class=\"wpcf7-form-control wpcf7-text wpcf7-validates-as-required\" autocomplete=\"name\" aria-required=\"true\" aria-invalid=\"false\" placeholder=\"Nombre y apellidos\" value=\"\" type=\"text\" name=\"your-name\" \/><\/span><br \/>\n<\/label><br \/>\n<label>Tu Email (requerido)<br \/>\n<span class=\"wpcf7-form-control-wrap\" data-name=\"your-email\"><input size=\"40\" maxlength=\"400\" class=\"wpcf7-form-control wpcf7-email wpcf7-validates-as-required wpcf7-text wpcf7-validates-as-email\" autocomplete=\"email\" aria-required=\"true\" aria-invalid=\"false\" placeholder=\"ejemplo@dominio.com\" value=\"\" type=\"email\" name=\"your-email\" \/><\/span><br \/>\n<\/label><br \/>\n<label>Tel\u00e9fono (requerido)<br \/>\n<span class=\"wpcf7-form-control-wrap\" data-name=\"tel-542\"><input size=\"40\" maxlength=\"400\" class=\"wpcf7-form-control wpcf7-tel wpcf7-validates-as-required wpcf7-text wpcf7-validates-as-tel\" autocomplete=\"tel\" aria-required=\"true\" aria-invalid=\"false\" placeholder=\"Ej. 600 12 34 56\" value=\"\" type=\"tel\" name=\"tel-542\" \/><\/span><br \/>\n<\/label>\n<\/p>\n<p><label>Tu Mensaje<br \/>\n<span class=\"wpcf7-form-control-wrap\" data-name=\"your-message\"><textarea cols=\"40\" rows=\"10\" maxlength=\"2000\" class=\"wpcf7-form-control wpcf7-textarea\" aria-invalid=\"false\" placeholder=\"Escribe aqu\u00ed tu mensaje...\" name=\"your-message\"><\/textarea><\/span><br \/>\n<\/label>\n<\/p>\n<p><br \/>\n<span class=\"wpcf7-form-control-wrap\" data-name=\"acceptance-929\"><span class=\"wpcf7-form-control wpcf7-acceptance\"><span class=\"wpcf7-list-item\"><label><input type=\"checkbox\" name=\"acceptance-929\" value=\"1\" aria-invalid=\"false\" \/><span class=\"wpcf7-list-item-label\">He le\u00eddo y acepto las <a href=\"https:\/\/www.ardiseny.es\/ardiseny\/castellano\/politicaprivacidad.php\" target=\"_blank\" rel=\"noopener noreferrer\">condiciones legales y la Pol\u00edtica de Privacidad<\/a>.<\/span><\/label><\/span><\/span><\/span>\n<\/p>\n<p><br \/>\n<input class=\"wpcf7-form-control wpcf7-submit has-spinner\" id=\"boton-formulario\" type=\"submit\" value=\"Enviar Mensaje\" \/>\n<\/p><div class=\"wpcf7-response-output\" aria-hidden=\"true\"><\/div>\n<\/form>\n<\/div>\n<\/div>\r\n<\/div>\r\n<div class=\"info-column text-left\">\r\n<div class=\"contact-info-block text-white mb-6\">\r\n<h4 style=\"font-size: 24px; font-weight: bold; margin-bottom: 15px;\">Nuestra Ubicaci\u00f3n:<\/h4>\r\n<p style=\"font-size: 18px; margin-bottom: 8px;\">&#x1f4cd; <strong>Direcci\u00f3n:<\/strong> Carrer de Ferran Casablancas, 12, 08225 Terrassa, Barcelona.<\/p>\r\n<p style=\"font-size: 18px; margin-bottom: 15px;\">&#x1f5d3;&#xfe0f; <strong style=\"font-weight: 500;\">Nota:<\/strong> Con cita previa.<\/p>\r\n<p style=\"font-size: 18px; margin-bottom: 8px;\">&#x1f4e7; <strong>Email:<\/strong> <a style=\"color: #fff; text-decoration: underline;\" href=\"mailto:info@ardiseny.es\">info@ardiseny.es<\/a><\/p>\r\n<p style=\"font-size: 18px;\">&#x1f4de; <strong>Tel\u00e9fono:<\/strong> <a style=\"color: #fff; text-decoration: underline;\" href=\"tel:+34652325791\">(+34) 652 325 791<\/a><\/p>\r\n\r\n<\/div>\r\n<div class=\"map-placeholder\"><iframe loading=\"lazy\" style=\"border: 0; border-radius: 8px;\" src=\"https:\/\/www.google.com\/maps\/embed?pb=!1m18!1m12!1m3!1d2987.89248476652!2d2.0076294!3d41.5647781!2m3!1f0!2f0!0f0!3m2!1i1024!2i768!4f13.1!3m3!1m2!1s0x12a4985289f8d55d%3A0xc3f58a36171d5ef2!2sCarrer%20de%20Ferran%20Casablancas%2C%2012%2C%2008225%20Terrassa%2C%20Barcelona!5e0!3m2!1ses!2ses!4v1678886400000!5m2!1ses!2ses\" width=\"100%\" height=\"300\" allowfullscreen=\"allowfullscreen\"><\/iframe>\r\n<p style=\"text-align: center; color: #fff; margin-top: 15px;\">Si tiene un proyecto on-line an\u00edmese y contacte con nosotros, <strong>queremos trabajar con usted, somos su AGENCIA DIGITAL.<\/strong><\/p>\r\n<small style=\"color: rgba(255,255,255,0.7); display: block; text-align: center; margin-top: 5px;\">*Para visitas, por favor, pida cita previa.<\/small>\r\n\r\n<\/div>\r\n<\/div>\r\n<\/div>\r\n<\/div>\r\n<\/section><section id=\"faq-agencia\" class=\"container mx-auto py-12\">\r\n<h2 class=\"section-title-dark\">Resolvemos tus dudas sobre Ardiseny<\/h2>\r\n<div class=\"faq-list\"><details class=\"faq-item\"><summary class=\"faq-question\">&#x1f6e0;&#xfe0f; \u00bfCu\u00e1l es el proceso para un nuevo proyecto de Dise\u00f1o Web?<\/summary>\r\n<p class=\"faq-answer\">Comenzamos escuchando tus ideas y necesidades (Paso 1). Luego, dise\u00f1amos una propuesta personalizada (Paso 2) con un presupuesto detallado. Una vez aprobado, pasamos a la fase de dise\u00f1o y desarrollo web, manteniendo una comunicaci\u00f3n continua para asegurar que el resultado final cumpla con tus objetivos de negocio.<\/p>\r\n\r\n<\/details><details class=\"faq-item\"><summary class=\"faq-question\">&#x1f4c8; \u00bfC\u00f3mo me ayudan a conseguir m\u00e1s clientes (leads cualificados)?<\/summary>\r\n<p class=\"faq-answer\">Utilizamos estrategias de Marketing Digital probadas: optimizaci\u00f3n SEO para aparecer en las primeras posiciones de Google, campa\u00f1as SEM (Google Ads) dirigidas al p\u00fablico objetivo, y gesti\u00f3n de Redes Sociales (Social Media) para construir comunidad y tr\u00e1fico, todo ello enfocado en la conversi\u00f3n y el crecimiento (Marketing Growth). Marketing 360\u00ba<\/p>\r\n\r\n<\/details><details class=\"faq-item\"><summary class=\"faq-question\">&#x1f6d2; \u00bfQu\u00e9 plataformas usan para las tiendas virtuales (e-commerce)?<\/summary>\r\n<p class=\"faq-answer\">Trabajamos con las plataformas l\u00edderes del mercado, incluyendo <strong>WooCommerce<\/strong> (para WordPress) y <strong>PrestaShop<\/strong>, o desarrollos a medida. Elegimos la plataforma que mejor se adapte a tu cat\u00e1logo de productos, tus necesidades de escalabilidad y tu presupuesto para asegurar una venta online efectiva.<\/p>\r\n\r\n<\/details><details class=\"faq-item\"><summary class=\"faq-question\">&#x1f454; \u00bfQui\u00e9nes somos?<\/summary>\r\n<p class=\"faq-answer\">Ardiseny, Empresa de Dise\u00f1o \u00bfNecesita un Dise\u00f1o de p\u00e1gina Web, aumentar ventas o vender online? &#x1f680; Expertos &#x2b50;&#x2b50;&#x2b50;&#x2b50;&#x2b50; en dise\u00f1o web con m\u00e1s de 18 a\u00f1os de experiencia ayudando a empresas a crecer en el entorno digital. Nuestro compromiso es ofrecer un servicio cercano y personalizado, trabajando como una extensi\u00f3n de tu equipo para alcanzar tus objetivos comerciales. Con una trayectoria comprobada, hemos sido testigos de los \u00e9xitos de nuestros clientes y sabemos lo que se necesita para destacar en el mundo online.<\/p>\r\n\r\n<\/details><details class=\"faq-item\"><summary class=\"faq-question\">&#x1f3c6; \u00bfPor qu\u00e9 deber\u00edas elegirnos?<\/summary>\r\n<p class=\"faq-answer\">Nos diferenciamos por nuestra atenci\u00f3n personalizada y m\u00e1s de 15 a\u00f1os de experiencia en el sector. A diferencia de otras agencias, en Ardiseny trabajamos codo a codo con nuestros clientes, brindando un seguimiento continuo y garantizando que cada campa\u00f1a est\u00e9 optimizada para alcanzar los mejores resultados. Adem\u00e1s, no creemos en las soluciones de \u00abtalla \u00fanica\u00bb: adaptamos cada estrategia a tu negocio, asegur\u00e1ndonos de que tus objetivos se cumplan de manera efectiva.<\/p>\r\n\r\n<\/details><details class=\"faq-item\"><summary class=\"faq-question\">&#x2705; \u00bfQu\u00e9 garant\u00edas te damos?<\/summary>\r\n<p class=\"faq-answer\">Nuestro compromiso es sencillo: resultados visibles y medibles. Te proporcionamos informes claros y transparentes de cada campa\u00f1a, detallando los avances y ajustando la estrategia si es necesario. Tu \u00e9xito es nuestro \u00e9xito, por eso te garantizamos un servicio enfocado en mejorar tu visibilidad y maximizar tus conversiones. Adem\u00e1s, siempre estamos disponibles para responder cualquier pregunta y asegurarnos de que entiendas el valor que te estamos ofreciendo. 2 a\u00f1os de garant\u00eda en todos nuestro productos y servicios.<\/p>\r\n\r\n<\/details><details class=\"faq-item\"><summary class=\"faq-question\">&#x1f44d; \u00bfSomos de confianza?<\/summary>\r\n<p class=\"faq-answer\">Llevamos m\u00e1s de 18 a\u00f1os ayudando a empresas a crecer en el mundo digital, y nuestra experiencia habla por s\u00ed misma. Hemos trabajado con clientes de diversas industrias, todos satisfechos con los resultados obtenidos. La confianza y la cercan\u00eda son pilares fundamentales de nuestra filosof\u00eda. No solo somos expertos en marketing digital, sino tambi\u00e9n tus socios estrat\u00e9gicos para alcanzar el \u00e9xito.<\/p>\r\n\r\n<\/details><details class=\"faq-item\"><summary class=\"faq-question\">&#x1f4b6; \u00bfCu\u00e1nto cuestan nuestros servicios?<\/summary>\r\n<p class=\"faq-answer\">Sabemos que cada negocio es \u00fanico y, por eso, nuestras soluciones est\u00e1n personalizadas a tus necesidades y presupuesto. Queremos ofrecerte la mejor relaci\u00f3n calidad-precio, por lo que te invitamos a contactarnos para recibir una propuesta personalizada. Puedes enviarnos un email o llamarnos, y con gusto te daremos una cotizaci\u00f3n ajustada a tu proyecto, sin compromiso.<\/p>\r\n\r\n<\/details><\/div>\r\n<\/section><\/section><\/div>\r\n<\/div><\/div><\/div><\/div><\/section>","protected":false},"excerpt":{"rendered":"Ya nos has encontrado, \u00bfahora qu\u00e9? Expertos en Dise\u00f1o web, Marketing digital y Leads cualificados Comenzamos M\u00e1s informaci\u00f3n Dise\u00f1o web Sabadell \u00bfTe Identificas con Estos Desaf\u00edos de E-commerce? Desaf\u00edos Comunes: &#x274c; No consigues suficientes ventas online para que tu negocio sea rentable. &#x274c; Tu web o tienda online no se posiciona en Google, y nadie [...]","protected":false},"author":1,"featured_media":0,"parent":0,"menu_order":0,"comment_status":"closed","ping_status":"closed","template":"","meta":{"footnotes":""},"class_list":["post-1552","page","type-page","status-publish","hentry"],"aioseo_notices":[],"_links":{"self":[{"href":"https:\/\/www.ardiseny.es\/wordpress\/wp-json\/wp\/v2\/pages\/1552","targetHints":{"allow":["GET"]}}],"collection":[{"href":"https:\/\/www.ardiseny.es\/wordpress\/wp-json\/wp\/v2\/pages"}],"about":[{"href":"https:\/\/www.ardiseny.es\/wordpress\/wp-json\/wp\/v2\/types\/page"}],"author":[{"embeddable":true,"href":"https:\/\/www.ardiseny.es\/wordpress\/wp-json\/wp\/v2\/users\/1"}],"replies":[{"embeddable":true,"href":"https:\/\/www.ardiseny.es\/wordpress\/wp-json\/wp\/v2\/comments?post=1552"}],"version-history":[{"count":0,"href":"https:\/\/www.ardiseny.es\/wordpress\/wp-json\/wp\/v2\/pages\/1552\/revisions"}],"wp:attachment":[{"href":"https:\/\/www.ardiseny.es\/wordpress\/wp-json\/wp\/v2\/media?parent=1552"}],"curies":[{"name":"wp","href":"https:\/\/api.w.org\/{rel}","templated":true}]}}